*v + 15273. What is the thousands digit of v?
5
Suppose 0 = -5*z + 7*s - 3*s + 180896, -3*s = -3*z + 108537. Suppose -5*q - 10*q + z = 0. What is the units digit of (-5)/(-50)*q + 2/(-10)?
1
Suppose -3*w = -8*w + 20. Suppose w*l - 255 - 141 = 4*m, -l - 4*m + 114 = 0. Suppose 8*x - 3*x - 3*g - 170 = 0, 3*x + 3*g = l. What is the tens digit of x?
3
Let l be 12/8 - (-3321)/6. Suppose 3*f + l = 4*m - 472, 0 = -m + f + 258. What is the units digit of m?
3
Let g(c) = 0*c - 2 - 4*c**2 - 223*c**3 - 2*c + 14*c**3. What is the tens digit of g(-1)?
0
Let c be 8/10 + 24/(-30). Suppose c = -0*h + 4*h - 544. Let a = h + -14. What is the tens digit of a?
2
Let t = 10 + -23. What is the units digit of t/65 + -6*(-2994)/45?
9
What is the hundreds digit of (-3799 + -6)*646/(-190)?
9
Suppose 3*k = -5*o + 51589 + 883, 4*o + 52409 = 3*k. What is the units digit of k?
9
What is the hundreds digit of 73269 - (-29 - (4 + -17))?
2
Let g(v) = -v**2 + 9*v + 166. Let c be g(18). Suppose 0 = -f - 3*d + 1491, -4*d + 5936 = c*f + d. What is the tens digit of f?
7
Let a(u) = -10*u**3 - 27*u**2 - 11*u + 238. What is the units digit of a(-20)?
8
Let a = 8763 - -27. What is the tens digit of a?
9
Let u(s) = 4*s**2 - 8*s + 5. Let n(z) = z + 5. Let j be n(3). Suppose -a - 2 = -j. What is the tens digit of u(a)?
0
Suppose 0 = 277*p - 232*p - 1920870. What is the thousands digit of p?
2
Let a(q) = q**3 + 4*q**2 - 13*q - 15. Suppose 0*t - 48 = 8*t. Let c be a(t). Let d = 29 + c. What is the tens digit of d?
2
Let y(u) = -u**3 - 4*u + 4. Let a be y(5). Let n = a + 186. What is the units digit of n?
5
Let r = 445 - 422. Suppose z = -x + 632, -25*x = -r*x - 4*z - 1294. What is the hundreds digit of x?
6
Suppose -11*a + 3131 = 744. Suppose -435 = -a*j + 214*j. What is the units digit of j?
5
Let v be ((-738)/(-90))/((-1)/(-5)). Suppose -4*b = -2*t - v - 23, 2*t + 63 = 3*b. Let j = 52 + t. What is the tens digit of j?
2
What is the hundreds digit of 74571/14*((-224)/12)/(-14)?
1
What is the tens digit of 762/9*-33*(670/(-20) - -12)?
7
Suppose 2516 = 3*d + 4*g - 1382, 5*d - 2*g - 6540 = 0. Suppose 4*p - 3025 = -b - 1261, 3*p - d = -5*b. What is the units digit of p?
2
Suppose 2717*w - 2694*w = 151018. What is the hundreds digit of w?
5
Let m be (-24)/(-48)*-1*(2 + -2). Suppose -4*h + 5452 = 4*l - m*h, l = 3*h + 1379. What is the thousands digit of l?
1
Let v(b) = -b**3 + b**2 + 3*b - 2. Let r be v(2). Suppose -2*l - 2*a = -0*a - 8, r = -a. What is the tens digit of (-6)/(-2) - (-77 + -5 + l)?
8
Let f = -155 - -1059. Suppose 0 = 3*r, -r - 2353 + f = -3*u. What is the tens digit of u?
8
Let r be (1/2)/((-2)/(-12)). Let w = 6439 + -5969. What is the units digit of (r + 3)/(15/w)?
8
Suppose -4*p - m - 954 = -8*p, -4*p = -3*m - 958. Suppose a - 652 = -p. What is the hundreds digit of a?
4
Let i = -3852 + 9119. What is the tens digit of i?
6
Suppose 5*f = -h + 16, -11 - 1 = -f + 2*h. Suppose -f*g + 7*y = 2*y - 14, 4*g - 30 = -3*y. What is the tens digit of (10 + 0)*27/g?
4
Let g(t) = -54*t - 219. Let n be g(-6). What is the tens digit of (-180)/n*(-455)/1?
8
Suppose 0 = -19*q + 15*q + 6152. Suppose 8*n - q = 742. What is the units digit of n?
5
Suppose -5*l + 156 = -119. Suppose 0 = -2*n + l + 65. Suppose 4*j + 2*s - 44 = 0, -4*j + n = 2*s - 4*s. What is the units digit of j?
3
What is the thousands digit of ((-107212)/4)/(12/24*(-3 + 1))?
6
Let j(g) = -3*g**3 - 18*g**2 - 6*g - 4. Let i be j(-6). What is the units digit of ((-494)/(-3))/(i/48)?
7
Let i be (-1*3)/(42/56). Let r be (-1 + 6)*(i - 54/(-15)). What is the tens digit of (-2 - 41)/(1/r)?
8
Let x be (-7)/(21/(-6507)) - (-2 - 2). Let f = x + -1494. What is the tens digit of f?
7
Let a(v) = -4 + 14*v**2 + 19*v**2 - 10*v**2 - 3*v + 18*v**2. Let o be a(3). Let q = o + -213. What is the tens digit of q?
4
Suppose 3*h - 65622 = -3*i, -2*h = 11*i - 29701 - 14020. What is the ten thousands digit of h?
2
Let p(i) = 194*i - 2. Let c be p(-1). Suppose -4*y + 2*b + 276 = -6*y, 0 = -4*y - 2*b - 550. Let m = y - c. What is the tens digit of m?
5
Let d = 13 - 31. Suppose 5*o + 6*k - 8*k - 321 = 0, 4*o + k - 249 = 0. Let u = d + o. What is the units digit of u?
5
Suppose 373*k - 1319675 - 2000025 = 0. What is the units digit of k?
0
Let d = -47 - -50. Let i be (d/(-15))/(4/(-10))*0. Suppose -83 + 213 = y + 3*f, -3*y + f + 410 = i. What is the tens digit of y?
3
Let o = -126 + 49. Let h = o + -37. Let x = 212 + h. What is the tens digit of x?
9
Let b(w) be the third derivative of 5*w**4/24 - 4*w**3/3 - 2*w**2. Suppose 26 = 37*z - 492. What is the tens digit of b(z)?
6
Let r(i) = 347*i - 74. Let z be r(11). What is the hundreds digit of (z/76)/(2/8)?
1
Suppose 417205 + 101977 = 43*v. What is the units digit of v?
4
Let a = 515 - 108. Let z = a - 292. What is the tens digit of z?
1
Suppose 0*f + 39 = u - 4*f, -71 = -2*u + f. Let y = u - -17. Suppose -2*g - y = -3*g. What is the units digit of g?
2
What is the tens digit of ((-56)/168)/(2/(-47874))?
7
Let t = 60 - 15. Suppose -z - 3*l + t = 0, -l + 90 = -2*z + 4*z. Suppose -n + z = -118. What is the tens digit of n?
6
Suppose 0 = -8*w + 9*w + 78. Let z be (14/12)/7 + 247/w. What is the units digit of (z - (3 + -1 - 4)) + 82?
1
What is the units digit of (-246)/902 + (-161882)/(-22)?
8
Suppose 0 = 4*h + 11*y - 12*y - 44614, -3*y = -15*h + 167304. What is the hundreds digit of h?
1
Let y(r) = 5*r + 2. Let q be y(-10). Let m(o) = o**2 - 29*o - 66. Let z be m(31). What is the tens digit of (32/q)/(z/762)?
2
Let q be (-365)/146*(-8)/5. Suppose 3145 = q*k - 363. What is the tens digit of k?
7
What is the tens digit of (-19 + 14 - -12853) + 7?
5
Let r(i) = 78*i**2 - 6*i + 3*i + 146*i**2 - 9 - 5*i. What is the hundreds digit of r(-1)?
2
Let b = 20 - -25. Let k = b - 29. Suppose -k - 108 = -2*o. What is the tens digit of o?
6
Suppose 2*p + 3*r + 109 = -4, p + 4*r = -44. Let m = -52 - p. Suppose -4*b + m = -2*j - 106, 3*b - 108 = -5*j. What is the units digit of b?
1
Let l = -2464 - -2699. What is the tens digit of l?
3
Suppose -4*f + 116 = -4*p, 4*f + 66 = -p + 197. Let b(v) = -69*v + 351. Let l be b(5). Suppose l*t = f - 2. What is the units digit of t?
5
Suppose 8754 = i + 5*x, 116*i + 5*x = 117*i - 8764. What is the hundreds digit of i?
7
Suppose l + 20 = 21, 3*p = 3*l + 21102. What is the thousands digit of p?
7
Suppose 0 = a + 4*h - 10004, -4*a + 22*h - 21*h = -40016. What is the hundreds digit of a?
0
Let u(k) = k**3 - 23*k**2 - 23*k - 25. Let i be u(24). What is the units digit of ((-7273)/(-14))/(15/10 + i)?
9
Let r = -259 + 271. Suppose 0 = 10*s + r*s - 14718. What is the tens digit of s?
6
Suppose 30 = i + 9*i. Suppose -4*y - 2*w + 1178 = 0, -i*w = -4*y - 6*w + 1183. What is the units digit of y?
2
Let s(r) = 3*r - 19. Let t be s(7). Suppose -3*n = 3*q + t*n - 4508, 5996 = 4*q + 3*n. What is the units digit of q?
6
Suppose -16*h = -6*h + 270. Let z be h/(-18) + (3/(-2))/(-3). What is the tens digit of ((-375)/9)/((z/(-6))/1)?
2
Let c(l) = -2*l**3 - 79*l**2 - 130*l + 12. What is the tens digit of c(-43)?
4
What is the hundreds digit of -3*18/(-378) - (-1)/(14/12836)?
9
Let k(w) = w**3 - 4*w**2 - 3*w + 4. Let h = -40 + 45. Let z be k(h). What is the units digit of ((-12)/z)/((-9)/42)?
4
Suppose 9*i = 20 + 7. Suppose -k + 504 = h, -15*k + 13*k - 1517 = -i*h. What is the tens digit of h?
0
Let w(m) = -2381*m**3 + m**2 - 56*m - 183. What is the units digit of w(-3)?
1
Let n be 3/((-296)/(-298) - 1). Let m be (27/(-126))/((-20)/(-35)) - 7860/32. Let z = m - n. What is the units digit of z?
1
Suppose 37*l - 40*l = -240. Suppose -o = -53 - l. Suppose 0 = -132*g + o*g - 112. What is the tens digit of g?
1
Let w(a) = -3*a**3 - 178*a**2 + 105*a + 101. What is the thousands digit of w(-60)?
1
Suppose -3*b - 4334 = 3*f - 21185, 0 = -6*b - 5*f + 33710. What is the thousands digit of b?
5
Suppose -2*t + 27 = 19. Suppose -8*h = -t + 4. Suppose 4*w - 20 = h, 2*j + 2*w - 162 = 4*w. What is the tens digit of j?
8
Suppose -4*k - 13*n + 9*n = -27176, 4*k - 27194 = 5*n. What is the units digit of k?
6
Let r be (-2)/8 - (122/(-8) + 0). Suppose r*u - 6*u = -900. Let x = -22 - u. What is the tens digit of x?
7
Let c(x) = 6*x + 108. Let m be c(-12). What is the units digit of 60/m + (-410)/(-6)?
0
Let k be 2*2258/12 - 8/(-12)